336954?
2, 3, 89, 631
List the prime factors of 160532.
2, 67, 599
What are the prime factors of 1405068?
2, 3, 7, 43, 389
List the prime factors of 14881.
23, 647
What are the prime factors of 468490?
2, 5, 11, 4259
What are the prime factors of 776229?
3, 258743
List the prime factors of 560647.
157, 3571
What are the prime factors of 1476416?
2, 17, 23, 59
What are the prime factors of 4165694?
2, 13, 53, 3023
What are the prime factors of 268415?
5, 7, 7669
List the prime factors of 105884.
2, 103, 257
What are the prime factors of 1752784?
2, 11, 23, 433
List the prime factors of 20204009.
7, 2886287
What are the prime factors of 2029216?
2, 7, 9059
What are the prime factors of 3547416?
2, 3, 79, 1871
What are the prime factors of 918535?
5, 183707
What are the prime factors of 315454?
2, 41, 3847
List the prime factors of 17464215.
3, 5, 743, 1567
What are the prime factors of 1046552?
2, 13, 29, 347
List the prime factors of 101581.
101581
List the prime factors of 1226021.
313, 3917
What are the prime factors of 1147761?
3, 127529
List the prime factors of 104828.
2, 73, 359
List the prime factors of 1613691.
3, 17, 53, 199
List the prime factors of 3032.
2, 379
What are the prime factors of 501708?
2, 3, 41809
List the prime factors of 85207.
139, 613
List the prime factors of 761222.
2, 7, 11, 4943
List the prime factors of 73703.
7, 10529
List the prime factors of 217917.
3, 7, 1153
What are the prime factors of 5113533?
3, 1704511
List the prime factors of 374568.
2, 3, 15607
List the prime factors of 6245918.
2, 7, 109, 4093
What are the prime factors of 6557479?
6557479
List the prime factors of 6206253.
3, 2068751
List the prime factors of 108848.
2, 6803
What are the prime factors of 3273679?
127, 149, 173
List the prime factors of 4241592.
2, 3, 73, 269
List the prime factors of 17726439.
3, 983, 6011
List the prime factors of 618089.
19, 32531
What are the prime factors of 3664522?
2, 1832261
List the prime factors of 19058345.
5, 3811669
What are the prime factors of 1184560?
2, 5, 13, 17, 67
What are the prime factors of 9040156?
2, 2260039
List the prime factors of 403255.
5, 80651
List the prime factors of 718132.
2, 179533
List the prime factors of 389187.
3, 83, 521
What are the prime factors of 539417?
67, 83, 97
List the prime factors of 2452043.
11, 222913
List the prime factors of 423477.
3, 211, 223
List the prime factors of 13642.
2, 19, 359
List the prime factors of 1578546.
2, 3, 87697
What are the prime factors of 127581?
3, 23, 43
What are the prime factors of 8024684?
2, 41, 167, 293
List the prime factors of 3415570.
2, 5, 341557
List the prime factors of 95691.
3, 167, 191
List the prime factors of 388139.
487, 797
What are the prime factors of 419407?
17, 24671
List the prime factors of 9008925.
3, 5, 113, 1063
List the prime factors of 6814462.
2, 109, 31259
List the prime factors of 1009483.
1009483
List the prime factors of 1304648.
2, 17, 53, 181
List the prime factors of 228969.
3, 13, 19, 103
What are the prime factors of 184123?
101, 1823
List the prime factors of 5000245.
5, 353, 2833
What are the prime factors of 353083?
71, 4973
What are the prime factors of 4684185?
3, 5, 11, 9463
What are the prime factors of 4232722?
2, 13, 263, 619
List the prime factors of 33488.
2, 7, 13, 23
What are the prime factors of 446798?
2, 11, 23, 883
List the prime factors of 1503846.
2, 3, 9283
List the prime factors of 272838.
2, 3, 37, 1229
List the prime factors of 5325370.
2, 5, 532537
List the prime factors of 85086.
2, 3, 29, 163
What are the prime factors of 18935586?
2, 3, 17, 20627
List the prime factors of 24739925.
5, 7, 141371
List the prime factors of 32614270.
2, 5, 13, 29, 41, 211
What are the prime factors of 248263?
409, 607
What are the prime factors of 24815034?
2, 3, 1378613
What are the prime factors of 1722123?
3, 13, 41, 359
List the prime factors of 11443.
11443
What are the prime factors of 539215?
5, 107843
What are the prime factors of 6486012?
2, 3, 13, 13859
List the prime factors of 17168489.
13, 47, 28099
What are the prime factors of 2237265?
3, 5, 83, 599
What are the prime factors of 13820785?
5, 11, 251287
What are the prime factors of 177531?
3, 17, 59
List the prime factors of 1704014.
2, 13, 65539
List the prime factors of 132958.
2, 7, 9497
What are the prime factors of 441377?
47, 9391
What are the prime factors of 90246?
2, 3, 13, 89
What are the prime factors of 66714?
2, 3, 11119
List the prime factors of 314669.
419, 751
List the prime factors of 3154201.
3154201
What are the prime factors of 21710?
2, 5, 13, 167
What are the prime factors of 1468282?
2, 19, 38639
What are the prime factors of 138692?
2, 34673
What are the prime factors of 42043705?
5, 11, 764431
What are the prime factors of 1836864?
2, 3, 1063
List the prime factors of 577858.
2, 288929
List the prime factors of 614272.
2, 4799
What are the prime factors of 821515?
5, 43, 3821
What are the prime factors of 11173751?
11173751
What are the prime factors of 822886?
2, 411443
List the prime factors of 2677573.
2677573
What are the prime factors of 128421?
3, 19, 751
What are the prime factors of 50685?
3, 5, 31, 109
What are the prime factors of 20949590?
2, 5, 19, 110261
List the prime factors of 642686.
2, 11, 131, 223
List the prime factors of 4774270.
2, 5, 29, 101, 163
List the prime factors of 498783.
3, 53, 3137
List the prime factors of 2062.
2, 1031
List the prime factors of 4027264.
2, 73, 431
List the prime factors of 2408705.
5, 13, 37057
List the prime factors of 592004.
2, 7, 21143
What are the prime factors of 13601530?
2, 5, 17, 19, 4211
What are the prime factors of 475741?
7, 19, 73
List the prime factors of 32158699.
229, 317, 443
List the prime factors of 3878300.
2, 5, 38783
List the prime factors of 2598602.
2, 107, 12143
What are the prime factors of 26959783?
26959783
List the prime factors of 32399249.
23, 1408663
List the prime factors of 1615430.
2, 5, 161543
List the prime factors of 28904841.
3, 7, 458807
List the prime factors of 1214252.
2, 13, 19, 1229
What are the prime factors of 14986732?
2, 431, 8693
What are the prime factors of 1857872?
2, 83, 1399
List the prime factors of 530802.
2, 3, 37, 797
List the prime factors of 3959886.
2, 3, 7, 13469
List the prime factors of 698119.
23, 127, 239
List the prime factors of 260832.
2, 3, 11, 13, 19
What are the prime factors of 9463526?
2, 17, 43, 6473
List the prime factors of 3938377.
19, 53, 3911
What are the prime factors of 4631272?
2, 43, 13463
List the prime factors of 7954747.
79, 100693
What are the prime factors of 11545046?
2, 19, 303817
What are the prime factors of 517953?
3, 41, 4211
List the prime factors of 26576028.
2, 3, 738223
List the prime factors of 173387.
83, 2089
List the prime factors of 405071.
405071
What are the prime factors of 30997?
139, 223
List the prime factors of 159537.
3, 7, 71, 107
List the prime factors of 26417587.
7, 3773941
What are the prime factors of 7364243?
619, 11897
What are the prime factors of 1637765?
5, 327553
List the prime factors of 2266058.
2, 47, 24107
What are the prime factors of 650196?
2, 3, 18061
List the prime factors of 1993113.
3, 73819
What are the prime factors of 21541814?
2, 7, 1538701
List the prime factors of 1644597.
3, 17, 3583
List the prime factors of 125296.
2, 41, 191
What are the prime factors of 845956?
2, 19, 11131
List the prime factors of 4481586.
2, 3, 307, 811
What are the prime factors of 811655?
5, 13, 12487
What are the prime factors of 20278325?
5, 443, 1831
What are the prime factors of 7327509?
3, 7, 7121
List the prime factors of 167722.
2, 17, 4933
List the prime factors of 36504135.
3, 5, 317, 853
What are the prime factors of 22389?
3, 17, 439
What are the prime factors of 3533801?
1327, 2663
What are the prime factors of 10628086?
2, 7, 759149
List the prime factors of 3457645.
5, 73, 9473
List the prime factors of 140698.
2, 103, 683
List the prime factors of 12472611.
3, 17, 244561
What are the prime factors of 24510180?
2, 3, 5, 23, 17761
List the prime factors of 390545.
5, 19, 4111
What are the prime factors of 1248591?
3, 43, 9679
What are the prime factors of 80439?
3, 26813
What are the prime factors of 3834129?
3, 1